se
Let u(z) = 43*z. Let k be u(1). Suppose -3*r + 187 + 167 = 3*d, 0 = -r - 4. Let m = d - k. Is m composite?
False
Let s(b) = 233*b - 51. Let k be s(12). Suppose 5*f - 5*q = 29430, 0 = 3*f - q + 915 - 18583. Suppose -4*z + f = -k. Is z a composite number?
True
Suppose 13 + 3 = 4*b. Suppose 3*r - 1241 = -5*n + 1975, -b*r = 4*n - 4296. Is r prime?
False
Let s(r) = -32*r**3 - 8*r**2 - 34*r + 15. Let d be s(-15). Suppose 64*w = 79*w - d. Is w a prime number?
False
Let d be (-41)/(-3) - (-10)/(-15). Let t(z) = 3*z - 13. Let h be t(d). Suppose 1036 = -22*s + h*s. Is s a composite number?
True
Let v be 1 - ((-2)/(-2) - -4). Let h be ((-40)/(-16) + 2)*8/(-6). Is ((-31887)/2)/(-9)*v/h prime?
True
Let g(y) = -27129*y - 1217. Is g(-4) composite?
True
Let i = 857396 - 418085. Is i a composite number?
True
Let q = 885 - 1265. Let d = 3157 + q. Is d composite?
False
Suppose 6*m + 1048716 = 18*m. Suppose 8588 = -5*u + m. Is u composite?
False
Let c(x) = -x**3 + 8*x**2 - 7*x - 8. Let u = -570 + 576. Is c(u) a prime number?
False
Suppose 0 = -3*a - a - f - 165948, -a + f - 41487 = 0. Is a/2*(3 + (-88)/24) a prime number?
True
Suppose -4613356 = -15*g - 54931. Is g prime?
False
Let u(w) = -w**3 - 7*w**2 - 2*w - 4. Let y be u(-5). Let d be (13/(-11) - -2) + (-8)/y. Is -2 + (d + -2 - 0) + 406 prime?
False
Suppose -26*u = -24*u - 1050. Let w = u - -7828. Is w composite?
False
Let s = -519 + 606. Is (2292/(-9))/((-4)/s) a composite number?
True
Let u(p) = 1653*p**2 + 1425*p - 1. Is u(-11) a composite number?
False
Is (16955190/(-175) - -19)/((-1)/5) a composite number?
False
Suppose 52 = -19*f - 5. Is (-4)/(-48)*f*-5444 a composite number?
False
Suppose 0 = -203*m + 1987111 + 1431612. Is m composite?
True
Let w(k) = 20 + 15*k**3 - 33*k**3 - 11*k**2 + 17*k**3 - 8*k. Let m be w(-10). Let i(f) = -f**2 + f + 449. Is i(m) a composite number?
False
Let j(d) = 49*d**3 + 3*d**2 - 31*d + 167. Is j(10) composite?
False
Suppose 3*c - 173543 = -r + 669615, -5*c = r - 1405264. Is c a prime number?
True
Is (-27 - -20)/(-28) + (-2803)/(-4) a prime number?
True
Let u be 67 + -3 + -11 + 3. Is (-7 + (-43760)/u)*-7 prime?
True
Suppose 0 = -3*c - 12, -d - c = 3*c - 54168. Suppose -3999 + d = 5*z. Is z a prime number?
True
Suppose -77*f - 5063123 = -10626805 - 7708500. Is f composite?
True
Let h be (-12)/6 + -1022 + -2. Let k = h + 2057. Is k composite?
False
Suppose -l + 3*y + 1319 = l, 5*l - 3340 = -y. Suppose -m = -835 - l. Suppose 2*s + 0 = -2, m = 3*u - 5*s. Is u prime?
True
Let r(v) = -129*v**3 + 38*v**2 + 186*v - 16. Is r(-27) a prime number?
True
Let d = 2 - 8. Let i = 980 - d. Let o = 1569 - i. Is o composite?
True
Let u(p) = 10*p**2 + 53*p + 3. Let o be u(-8). Suppose -o = h - 526. Is h a composite number?
False
Let v(a) = -92*a**3 - 4*a - 1. Let g be (-6)/((-3)/(-1))*(-2 + 3). Is v(g) a composite number?
False
Let d = 93220 + -32847. Is d a prime number?
True
Let v = -615 - -615. Suppose -23*q - 110749 = -26*q + 2*s, v = 3*q + s - 110734. Is q a composite number?
False
Let s = 1061809 + -629582. Is s a prime number?
True
Let h(n) = n + 50. Let i be h(-23). Suppose -230538 = -i*u - 15*u. Is u a prime number?
False
Let z = -103075 + 155190. Let b = -27460 + z. Is b prime?
False
Suppose 8*m - 192 = 20*m. Is m/80 + 2952/10 composite?
True
Let a = -7163 - -13326. Let v = 8744 - a. Is v a prime number?
False
Let o = 12 - 8. Let c(y) be the third derivative of y**5/2 + y**4/4 - 5*y**3/6 - 3*y**2 + 5*y. Is c(o) a prime number?
True
Let h(n) = -43810*n**2 - 5*n + 2. Let d be h(1). Let j = 75648 + d. Is j prime?
False
Let o = -139 + 141. Let p(d) = 4*d + 5650*d**2 - o*d - 5626*d**2 - 19. Is p(7) composite?
False
Let k = 8504 - 392. Suppose 32*f - k = 5936. Is f a prime number?
True
Let p(g) = -4*g**3 - 14*g**2 + 15*g + 33. Let m(j) = j**3 - 1. Let y(k) = 3*m(k) + p(k). Let d be y(-15). Is (1466/4)/(15/d) composite?
False
Suppose -86*v + 206469 = -77*v. Suppose 5461 - v = -40*w. Is w a composite number?
True
Suppose -2*m = -0*m - 4. Let z(r) = 2*r**3 - 5*r**2 - r. Let y(n) = 33*n**3 - 24*n**2 - 8*n + 5. Let f(d) = y(d) - 5*z(d). Is f(m) composite?
True
Suppose 400*o - 59979419 + 13344751 - 56432132 = 0. Is o prime?
False
Let j = 8941 - 3213. Let a = j + -1673. Is a composite?
True
Let n(v) = -7884*v - 2. Let b(d) = -1577*d. Let z(o) = -16*b(o) + 3*n(o). Is z(1) a prime number?
False
Let t(j) = 23*j**2 + 19*j + 35. Let p be t(-11). Suppose -3*z - x + p = 0, 19*x - 15*x - 4353 = -5*z. Is z a prime number?
False
Let c(i) = 5467*i**2 - 496*i - 4987. Is c(-10) a composite number?
True
Suppose 106*o - 1057836 - 938592 = -761422. Is o a composite number?
True
Suppose -42 = 5*c - 12*c. Let z be -4*(0 + 15/c) - -1. Let i(o) = -42*o - 7. Is i(z) composite?
True
Let l(u) = 0*u**3 - 12*u**2 + 2*u - 18*u + 2*u**3 - 3*u - 27. Is l(14) a composite number?
False
Let o = 205838 - -120200. Is o composite?
True
Let s(y) = 38*y**3 - 6*y**2 + 4*y - 1. Let r be s(1). Suppose g = -r*g + 48132. Is g composite?
True
Let a be (-146)/(-5) + 28/35. Let q = -30 + a. Suppose -2*t + 4725 + 193 = q. Is t a prime number?
True
Let a be 11609/(-117) + 4/18. Let o = -95 - a. Suppose -101 = -o*m + 47. Is m composite?
False
Suppose 3*q = 11593 + 45605. Is q a prime number?
False
Let s(h) = 111*h**2 - 14*h - 83. Let x = -325 - -320. Is s(x) a composite number?
True
Suppose -620977 + 3637653 = 52*l. Is l a composite number?
False
Suppose -2*i - s + 882433 = -683357, -3*i + 3*s = -2348649. Is i prime?
True
Let y(w) = 2774*w + 23 - 2058*w - 7312*w. Is y(-4) a prime number?
True
Let u be 0 - 84/(2 - 4). Suppose 2*q + 4*n - 156 = 0, -2*n - u = 3*q - 264. Suppose -694 = -q*y + 71*y. Is y prime?
False
Let g be (2/(-14) - (-4620)/98) + 4. Suppose f - 4*t = 12515, 54*f - 4*t - 37513 = g*f. Is f a composite number?
True
Let f = -56 - -39. Is (-2)/(-6) + f/((-51)/3260) a composite number?
False
Let h = -6128 + 15389. Suppose 0 = -3*l - 5*k + 50829, -4*k - 41568 = -3*l + h. Is l prime?
True
Suppose 241*x - 2068830 = 151*x. Is x prime?
False
Suppose 35*s - 36*s - 4 = 0, 0 = 4*i + 5*s - 6920808. Is i prime?
True
Let b(x) = 8*x**3 + 8*x**2 - 28*x + 23. Let q be b(8). Suppose 0*r + 4*r - 8815 = -3*w, 0 = 2*r + w - q. Is r a prime number?
True
Suppose -3*j + 53375 = 2*c, 13*c - 3*j - 133469 = 8*c. Is (24/(-16)*c/6)/(-1) prime?
True
Let j be 25/3 - (-2)/(-6). Let p(k) = -k**3 + 8*k**2 - 3*k + 12. Let l be p(j). Is (-9)/l + (-2729)/(-4) a prime number?
True
Suppose 10 = -2*t, 4*t - 315180 - 18644 = -4*j. Is j composite?
True
Suppose 185532 = 12*f + 751788. Let c be f/36 - (-10)/(-45). Let n = c + 2132. Is n a prime number?
True
Suppose -6755*z + 55293 = -6734*z. Is z a composite number?
False
Let h(x) = 25*x**3 - 2*x**2 - 2*x + 4. Let i be h(3). Let k(s) = 28*s - 221. Let v be k(8). Suppose -a - 3*f = -1182 - i, 6 = -v*f. Is a prime?
False
Suppose 16*w - 6910217 = -48*w - 7*w. Is w composite?
False
Let a = 1035 + -637. Let q be 575/(-690) + (-106)/(-12). Is 16/(-32) + 26/q*a composite?
True
Suppose s + 0*s + 4*u = 300, 2*s + 4*u - 616 = 0. Let q = 1149 - s. Suppose -q - 604 = -3*z. Is z a composite number?
False
Let o(p) = -13*p**2 - 2*p - 7. Let t be o(4). Let l = -383 - t. Let k = l + 266. Is k composite?
True
Suppose -u + 1 + 7 = 0. Let x(l) = -90*l - 5. Let d(y) = 271*y + 15. Let w(p) = u*x(p) + 3*d(p). Is w(4) a composite number?
True
Let x(u) = u**3 - 4*u**2 - 9*u - 9. Let i be x(9). Let b be (2 - 1) + 1 + i. Let r = 610 - b. Is r prime?
True
Suppose o - 53*t + 54*t - 137325 = 0, -4*t + 411979 = 3*o. Is o prime?
True
Let z = -233 + 532. Let a = 429 - z. Suppose 7*i + a = 9*i. Is i a prime number?
False
Let o(p) = -3*p**3 - 2*p - 2. Let d be o(-1). Let y be 1*(-10)/(-15)*d. Is 1 - (y - 4) - -1574 composite?
True
Suppose -5*o + 64 = 4*k, -4*o + k = -3*o - 11. Suppose -2*u - o + 4 = 4*l, -2*l + 4*u + 16 = 0. Suppose 3*j = s - 1287, -j = s - l*j - 1295. Is s prime?
False
Let y = -25765 + 84064. Suppose -175760 = -23*r - y. Is r a prime number?
True
Let l(x) = 14*x - 51. Let q be l(4). Suppose 4*z + q*d = 2631, 4*z = 4*d + 1439 + 1201. Is z prime?
True
Is (-1695)/75 + 23 - (355376/(-10) - -1) prime?
True
Let x(y) be the second derivative of -13*y**3 + 12*y**2 + 27*y. Let s be x(-14). Let h = -22 + s. Is h composite?
True
Is (1 + -30798